{"id":289,"date":"2012-07-03T12:19:13","date_gmt":"2012-07-03T12:19:13","guid":{"rendered":"http:\/\/koillismaanomaishoitajat.com\/site\/?page_id=289"},"modified":"2021-10-21T08:18:09","modified_gmt":"2021-10-21T08:18:09","slug":"jasenlehti","status":"publish","type":"page","link":"http:\/\/koillismaanomaishoitajat.com\/site\/?page_id=289","title":{"rendered":"J\u00e4sentiedote"},"content":{"rendered":"\n<p>Uusin Syystiedote ilmestynyt syyskuussa 2021 joka on postitettu j\u00e4senille sek\u00e4 jaettu tilaisuuksissamme.<\/p>\n\n\n\n<p><\/p>\n\n\n\n<p><\/p>\n\n\n\n<p><\/p>\n\n\n\n<p><\/p>\n\n\n\n<p><\/p>\n\n\n\n<p><\/p>\n\n\n\n<p><\/p>\n\n\n\n<p>P\u00e4ivitetty 20.10.2021 Laila Set\u00e4maa<\/p>\n","protected":false},"excerpt":{"rendered":"<p>Uusin Syystiedote ilmestynyt syyskuussa 2021 joka on postitettu j\u00e4senille sek\u00e4 jaettu tilaisuuksissamme. P\u00e4ivitetty 20.10.2021 Laila Set\u00e4maa<\/p>\n","protected":false},"author":1,"featured_media":0,"parent":0,"menu_order":0,"comment_status":"closed","ping_status":"open","template":"","meta":[],"_links":{"self":[{"href":"http:\/\/koillismaanomaishoitajat.com\/site\/index.php?rest_route=\/wp\/v2\/pages\/289"}],"collection":[{"href":"http:\/\/koillismaanomaishoitajat.com\/site\/index.php?rest_route=\/wp\/v2\/pages"}],"about":[{"href":"http:\/\/koillismaanomaishoitajat.com\/site\/index.php?rest_route=\/wp\/v2\/types\/page"}],"author":[{"embeddable":true,"href":"http:\/\/koillismaanomaishoitajat.com\/site\/index.php?rest_route=\/wp\/v2\/users\/1"}],"replies":[{"embeddable":true,"href":"http:\/\/koillismaanomaishoitajat.com\/site\/index.php?rest_route=%2Fwp%2Fv2%2Fcomments&post=289"}],"version-history":[{"count":25,"href":"http:\/\/koillismaanomaishoitajat.com\/site\/index.php?rest_route=\/wp\/v2\/pages\/289\/revisions"}],"predecessor-version":[{"id":2122,"href":"http:\/\/koillismaanomaishoitajat.com\/site\/index.php?rest_route=\/wp\/v2\/pages\/289\/revisions\/2122"}],"wp:attachment":[{"href":"http:\/\/koillismaanomaishoitajat.com\/site\/index.php?rest_route=%2Fwp%2Fv2%2Fmedia&parent=289"}],"curies":[{"name":"wp","href":"https:\/\/api.w.org\/{rel}","templated":true}]}}